se
Does 9 divide 324?
True
Does 86 divide 19608?
True
Is 2394 a multiple of 67?
False
Is 2640 a multiple of 24?
True
Is 6390 a multiple of 15?
True
Is 5 a factor of 11330?
True
Is 597 a multiple of 3?
True
Is 31 a factor of 12090?
True
Is 209 a factor of 17838?
False
Is 6 a factor of 618?
True
Does 126 divide 66654?
True
Is 122 a factor of 19176?
False
Is 80 a factor of 4720?
True
Is 24 a factor of 2424?
True
Is 3678 a multiple of 69?
False
Is 1293 a multiple of 4?
False
Does 164 divide 58056?
True
Is 128 a multiple of 64?
True
Is 22 a factor of 157?
False
Is 17 a factor of 136?
True
Is 14 a factor of 1892?
False
Does 30 divide 3570?
True
Is 43 a multiple of 37?
False
Is 624 a multiple of 12?
True
Is 217 a multiple of 31?
True
Is 16 a factor of 4228?
False
Is 29719 a multiple of 89?
False
Is 53 a factor of 911?
False
Is 29 a factor of 2492?
False
Is 25 a factor of 200?
True
Is 21 a factor of 23965?
False
Is 71 a factor of 2840?
True
Does 23 divide 2345?
False
Does 13 divide 2055?
False
Is 3 a factor of 24?
True
Is 10278 a multiple of 21?
False
Is 24 a factor of 8592?
True
Is 1782 a multiple of 33?
True
Is 143 a factor of 4290?
True
Is 6 a factor of 145?
False
Is 84 a multiple of 3?
True
Is 20 a factor of 1140?
True
Does 13 divide 931?
False
Is 36 a factor of 936?
True
Does 6 divide 66?
True
Is 9 a factor of 6065?
False
Is 982 a multiple of 10?
False
Is 79784 a multiple of 12?
False
Is 78 a factor of 702?
True
Is 13 a factor of 2148?
False
Is 728 a multiple of 41?
False
Does 16 divide 8288?
True
Is 5 a factor of 5303?
False
Is 15 a factor of 2895?
True
Is 38 a factor of 1482?
True
Is 1862 a multiple of 49?
True
Is 153 a factor of 8721?
True
Is 39913 a multiple of 167?
True
Does 168 divide 9145?
False
Is 10 a factor of 5090?
True
Is 803 a multiple of 73?
True
Is 3 a factor of 2670?
True
Is 23 a factor of 3610?
False
Is 543 a multiple of 23?
False
Is 9834 a multiple of 77?
False
Is 47248 a multiple of 61?
False
Does 27 divide 111483?
True
Does 68 divide 44880?
True
Is 11557 a multiple of 9?
False
Is 11 a factor of 12466?
False
Is 31 a factor of 233?
False
Does 11 divide 21607?
False
Is 12496 a multiple of 88?
True
Is 18 a factor of 1428?
False
Is 11960 a multiple of 40?
True
Does 95 divide 10995?
False
Is 1271 a multiple of 41?
True
Does 105 divide 1260?
True
Is 13200 a multiple of 75?
True
Is 51 a factor of 18615?
True
Is 16 a factor of 1091?
False
Does 11 divide 5178?
False
Does 18 divide 1907?
False
Is 94 a multiple of 4?
False
Is 9 a multiple of 5?
False
Is 5 a factor of 440?
True
Does 9 divide 71883?
True
Is 16 a factor of 64?
True
Does 17 divide 901?
True
Does 95 divide 27455?
True
Does 14 divide 1750?
True
Is 18 a factor of 41324?
False
Is 17360 a multiple of 28?
True
Is 2450 a multiple of 25?
True
Is 13496 a multiple of 8?
True
Does 16 divide 243?
False
Does 75 divide 675?
True
Does 33 divide 7578?
False
Does 17 divide 114956?
False
Is 7 a factor of 14427?
True
Does 12 divide 50784?
True
Does 5 divide 90?
True
Does 33 divide 29362?
False
Does 35 divide 68950?
True
Is 49585 a multiple of 110?
False
Is 5 a factor of 2362?
False
Is 188 even?
True
Is 34 a factor of 2347?
False
Is 59786 a multiple of 334?
True
Is 10362 a multiple of 66?
True
Does 16 divide 6795?
False
Does 8 divide 912?
True
Is 55 a factor of 39765?
True
Is 640 a multiple of 32?
True
Is 459 a multiple of 51?
True
Does 14 divide 2973?
False
Is 8 a factor of 1320?
True
Is 3 a factor of 652?
False
Does 11 divide 22?
True
Is 26 a factor of 78?
True
Does 90 divide 12279?
False
Is 3 a factor of 514?
False
Does 5 divide 65?
True
Is 1148 a multiple of 14?
True
Is 3247 a multiple of 20?
False
Is 12 a factor of 432?
True
Is 9 a factor of 14085?
True
Does 8 divide 16265?
False
Is 6657 even?
False
Does 2 divide 97?
False
Is 4 a factor of 28384?
True
Does 36 divide 18828?
True
Does 16 divide 112272?
True
Does 13 divide 897?
True
Does 6 divide 1577?
False
Is 280 a multiple of 14?
True
Is 225 even?
False
Is 560 a multiple of 56?
True
Does 29 divide 980?
False
Is 5382 a multiple of 26?
True
Is 694 a multiple of 9?
False
Is 4048 a multiple of 16?
True
Is 6 a factor of 126?
True
Does 16 divide 2656?
True
Is 32 a factor of 6405?
False
Is 10 a factor of 576?
False
Does 3 divide 1125?
True
Does 12 divide 1092?
True
Is 56343 a multiple of 7?
True
Does 136 divide 12784?
True
Does 13 divide 952?
False
Is 330 a multiple of 11?
True
Is 70 a multiple of 7?
True
Does 19 divide 15751?
True
Is 23 a factor of 2051?
False
Does 60 divide 20460?
True
Is 17 a factor of 112030?
True
Is 125 a factor of 6875?
True
Is 7 a factor of 4378?
False
Is 204 a multiple of 2?
True
Is 37 a factor of 77?
False
Is 837 a multiple of 31?
True
Does 7 divide 787?
False
Is 71 a multiple of 71?
True
Is 1056 a multiple of 8?
True
Is 54 a factor of 25636?
False
Is 39901 a multiple of 217?
False
Does 20 divide 5106?
False
Is 4581 a multiple of 74?
False
Does 26 divide 2019?
False
Is 896 a multiple of 56?
True
Is 1485 a multiple of 99?
True
Is 78 a factor of 28938?
True
Is 7187 a multiple of 42?
False
Is 10 a factor of 180?
True
Does 11 divide 5060?
True
Is 8 a factor of 208?
True
Does 126 divide 22428?
True
Does 4 divide 380?
True
Is 2097 a multiple of 26?
False
Does 14 divide 33810?
True
Is 3 a factor of 99?
True
Is 193540 a multiple of 13?
False
Is 1521 a multiple of 71?
False
Is 228 a multiple of 6?
True
Is 11 a factor of 27533?
True
Is 55 a factor of 19952?
False
Does 123 divide 2240?
False
Does 29 divide 5966?
False
Is 13 a factor of 120207?
False
Does 104 divide 24648?
True
Does 24 divide 1740?
False
Is 18824 a multiple of 52?
True
Does 75 divide 13200?
True
Does 57 divide 19729?
False
Is 24457 a multiple of 61?
False
Is 38 a factor of 34238?
True
Is 1069 a multiple of 114?
False
Is 38115 a multiple of 105?
True
Is 134 a factor of 2278?
True
Is 4679 a multiple of 67?
False
Is 280 a factor of 35280?
True
Does 6 divide 846?
True
Is 14628 a multiple of 212?
True
Does 18 divide 5676?
False
Is 79 a factor of 3628?
False
Does 2 divide 1350?
True
Does 31 divide 5855?
False
Is 80 a factor of 4727?
False
Does 4 divide 1105?
False
Is 3 a factor of 139?
False
Does 97 divide 23565?
False
Is 7 a factor of 364?
True
Is 19 a factor of 14425?
False
Is 2463 a multiple of 6?
False
Is 16 a factor of 4208?
True
Does 13 divide 1859?
True
Is 1969 a multiple of 54?
False
Does 17 divide 4522?
True
Is 5742 a multiple of 33?
True
Is 3 a factor of 1072?
False
Is 8 a factor of 116?
False
Is 148 a multiple of 6?
False
Is 1135 a multiple of 4?
False
Is 8 a factor of 12927?
False
Is 19 a factor of 950?
True
Is 43 a factor of 1866?
False
Is 616 a multiple of 14?
True
Does 51 divide 408?
True
Is 302 a multiple of 17?
False
Is 1179 a multiple of 10?
False
Does 18 divide 504?
True
Is 3 a factor of 222?
True
Does 64 divide 423?
False
Is 1320 a multiple of 10?
True
Does 36 divide 252?
True
Is 16614 a multiple of 213?
True
Is 3712 a multiple of 116?
True
Does 4 divide 111?
False
Is 1749 a multiple of 9?
False
Does 4 divide 186?
False
Is 41 a factor of 6482?
False
Is 8005 a multiple of 71?
False
Does 86 divide 42139?
False
Does 24 divide 13338?
False
Is 114 a factor of 3928?
False
Is 2870 a multiple of 14?
True
Is 127049 a multiple of 37?
False
Is 48 a factor of 8373?
False
Is 21547 a multiple of 29?
True
Is 130 a factor of 26564?
False
Does 65 divide 2862?
False
Is 13 a factor of 3374?
False
Is 2 even?
True
Does 82 divide 4920?
True
Is 85 a factor of 1615?
True
Is 20 a factor of 1280?
True
Is 65 a factor of 1684?
False
Is 164 a multiple of 82?
True
Does 65 divide 14881?
False
Is 46 a factor of 8694?
True
Is 17 a factor of 17?
True
Is 137 a factor of 9864?
True
Is 23489 a multiple of 283?
True
Does 24 divide 5184?
True
Is 57931 a multiple of 82?
False
Does 5 divide 1038?
False
Does 6 divide 1627?
False
Does 38 divide 570?
True
Is 15 a factor of 620?
False
Does 19 divide 3173?
True
Does 3 divide 5244?
True
Does 68 divide 81638?
False
Is 12 a factor of 17082?
False
Is 27261 a multiple of 39?
True
Is 66 a factor of 2486?
False
Does 4 divide 187?
False
Does 8 divide 32?
True
Is 35132 a multiple of 7?
False
Is 6 a factor of 6528?
True
Does 12 divide 12859?
False
Does 39 divide 1640?
False
Does 30 divide 466?
False
Does 51 divide 204?
True
Is 23 a factor of 12857?
True